ulate the greatest common divisor of p and 40.
8
Let a = 6 - 1. Suppose 10 + 20 = a*q. Calculate the highest common factor of q and 2.
2
Let b be ((-270)/(-105))/(4/14). What is the greatest common divisor of 27 and b?
9
Suppose w = 5*g - 153, 88 = 5*g - 3*w - 71. Let p be ((-72)/g)/((-3)/10). Calculate the highest common factor of 8 and p.
8
Let c = -18 + 99. Suppose -s + 3*i - 7 = 0, 3*s + 0*s - 11 = i. Let x be -3 - s/(10/(-24)). What is the highest common divisor of x and c?
9
Suppose 3*n + 2*i + 2 = -2, 4 = -2*i. Suppose 0*l + 3*l - 15 = n. What is the greatest common factor of l and 10?
5
Let m be 0 + (-1 - -3 - 0). Suppose -6*d + 72 = -m*d. Calculate the highest common divisor of 9 and d.
9
Let f be 245/10 + (-1)/(-2). Let i(o) = o**3 + 3*o**2 - o. Let n be i(-3). Suppose -100 = -5*k + n*k. What is the highest common factor of k and f?
25
Let l = 354 + -189. Calculate the greatest common divisor of 110 and l.
55
Let l be (-2)/5 + 8/20. Let n(z) = -z + 10. Let y be n(l). What is the highest common divisor of 4 and y?
2
Suppose t - 1 = 2. Let p be (-57)/(-3) - (t + -2). Let v = p - 8. Calculate the greatest common factor of 4 and v.
2
Suppose 7*q - 40 = 2*q. Let t(c) = -c**3 + 9*c**2 - 4*c + 2. Let y be t(7). Calculate the highest common factor of y and q.
8
Let b = 39 - 25. Let k be (-3)/((-3)/b) - 1. What is the greatest common factor of 143 and k?
13
Suppose 5*d - 38 - 2 = 0. Calculate the greatest common factor of 8 and d.
8
Let k(s) = s**3 + s**2 + 8. Let r be k(0). Suppose 10*q - 8*q = 466. Let l = q - 145. Calculate the greatest common factor of l and r.
8
Let y(c) = -c**3 - 3*c**2 - 4*c - 5. Suppose -5*k - 5*f = 25, 0 = -4*k + f + f - 14. Let g be y(k). What is the greatest common factor of 3 and g?
3
Let p = -9 - -15. Calculate the highest common factor of p and 6.
6
Let z be -12*((-10)/4)/5. Suppose z = 6*o - 5*o. Calculate the greatest common divisor of 54 and o.
6
Let s be (-13)/(-3) + 32/(-24) - -36. What is the highest common divisor of s and 3?
3
Suppose 4*z - 40 = -5*b, 2*b + 5*z = -0*b + 33. Suppose 3*o - 91 = -5*i - 0*i, -4*o - 52 = -2*i. Calculate the highest common divisor of i and b.
4
Let g be -9*(1 - 2/1). Let h(q) = q**3 - 8*q**2 - 7*q - 6. Let i be h(g). Calculate the highest common divisor of i and 4.
4
Let n(y) = -y**2 - 8*y + 4. Let p be n(-8). Let l = p + -10. Let u be (9/l)/(2/(-20)). What is the greatest common factor of u and 60?
15
Let j be (4/(-3))/(8/(-144)). What is the greatest common factor of j and 16?
8
Suppose 3*h = 3*p - 0*p + 84, 5*h - 146 = 2*p. Let t = h + -16. Calculate the greatest common factor of t and 126.
14
Let d = 929 + -593. Calculate the greatest common divisor of d and 42.
42
Let x be (4 + 1)/(3/69). Let q(l) be the second derivative of l**4/2 + l**3/3 + 3*l**2/2 + l. Let p be q(-2). What is the highest common factor of x and p?
23
Let d = -17 - -97. Calculate the greatest common divisor of 16 and d.
16
Let l(o) = -o + 30. Let z be l(0). Let f be ((-140)/15)/((-4)/z). What is the highest common divisor of 10 and f?
10
Let z(p) = -14*p**3 - 3*p**2 - p + 2. Let j be z(-2). What is the highest common divisor of 13 and j?
13
Let i be 56 + -7 - (0 + -1). Suppose -16 - 14 = -3*h. What is the highest common divisor of i and h?
10
Let t = 183 - 13. Suppose -4*q = -0*u + u - 96, 3*u + 62 = 2*q. Let z = -8 + q. Calculate the greatest common factor of z and t.
17
Let d be 49 + -1 + -2 + -2. Calculate the greatest common divisor of d and 4.
4
Suppose -5*k + 9 = -21. Calculate the greatest common factor of k and 42.
6
Let v(u) = 9*u - 15. Let d be v(7). Calculate the greatest common divisor of d and 32.
16
Suppose -2*m = 5*g - 7, 5*g = -3 - 2. Suppose -m*a = -a - 10. Calculate the highest common divisor of a and 22.
2
Let j(p) = p + 10. Let h be (-2 + -16)*(-6)/9. Let a be j(h). Calculate the greatest common factor of a and 11.
11
Let z = 3 + 2. Suppose 49 = a - 3*h - 10, 0 = -5*a + 4*h + 262. Calculate the highest common divisor of a and z.
5
Let v be 945/25 - 2/(-10). What is the highest common divisor of v and 114?
38
Let g be ((-6)/9)/((-6)/9). Let c be (25/10)/(g/4). What is the highest common factor of 4 and c?
2
Let f = 20 + -9. Suppose 308 = 6*d + d. What is the greatest common factor of d and f?
11
Let w be 2/(-4)*0 - -3. Let u(s) = -s - 3. Let o be u(-2). Let c = 13 + o. What is the greatest common factor of c and w?
3
Let k be (-3)/(-1 - -7)*16*-6. Calculate the highest common divisor of k and 96.
48
Let a be (-10)/15 - (-68)/3. Let y be (6/3)/(-1) + a. Calculate the highest common factor of y and 180.
20
Let y be (-2)/5 + (-272)/(-5). Suppose 2*q - 9 + 5 = 0. Let w be 9 + q/(-4)*6. What is the highest common factor of w and y?
6
Suppose 0 = -k + 3*k. Suppose k*p = -4*p + 56. What is the greatest common factor of 42 and p?
14
Let n be 4 + (-7)/(21/6). Calculate the highest common factor of n and 5.
1
Let w be -3*4/(-6) - -282. Let b = w + -156. What is the greatest common factor of 16 and b?
16
Let s = 93 - 29. Calculate the highest common divisor of 16 and s.
16
Let v = -12 + 18. Suppose 0 = -v*w + 8*w. Suppose 0*j - 3*r = -4*j + 33, -4*r + 20 = w. What is the highest common divisor of j and 30?
6
Suppose -10 = 2*a - 4*a. Suppose -a + 53 = 2*x. What is the highest common divisor of 6 and x?
6
Let h(g) = -g**2 - 9*g - 7. Let s be h(-6). Let j = -8 + s. Suppose -j*n - 3*c + 22 = -134, c = -4*n + 220. What is the greatest common factor of n and 8?
8
Suppose -8 = -3*n - 20. Let b(m) = 0*m**2 - 207*m - 5 + 205*m + m**2. Let d be b(n). What is the highest common divisor of 95 and d?
19
Suppose -4*m + 7 = -d, 2*m - 2*d - 2 + 6 = 0. Suppose 11 = -m*i + 38. Calculate the greatest common factor of 72 and i.
9
Let b(t) = t + 18. Let m(c) = c**2 - 8*c - 1. Let a be m(7). Let w be b(a). What is the highest common factor of 10 and w?
10
Let u = -1 - -4. Let i(t) = 4 + t + t - 5*t + 2*t**2 - u*t. Let l be i(4). Calculate the greatest common factor of 84 and l.
12
Let c(u) = -u**2 + 7*u - 9. Let v be c(6). Let o be (v/2)/((-3)/10). Calculate the greatest common divisor of o and 35.
5
Suppose 2*v = 8, -4*m - 2*v + 356 = 3*v. Suppose -30 = 2*a - m. Calculate the highest common divisor of 216 and a.
27
Suppose j + 4*j = 55. Let f be 2/2 - (2 - j). Calculate the greatest common factor of f and 30.
10
Suppose -9 = -3*m + 2*k + 17, 5*m + k = 65. Let c = 3 + -4. Let v be 8/(-6)*(c - 2). What is the greatest common factor of m and v?
4
Let f(v) = -v**3 - 6*v**2 - 6*v - 6. Let g be f(-6). Suppose -3*w + 15 = -2*w. What is the greatest common factor of g and w?
15
Suppose -2*v + 4 = -v. Let y(l) = 2*l - 6. Let c be y(v). Suppose 5*p + 3*b + 0*b = 89, b + c = 0. Calculate the greatest common factor of p and 19.
19
Suppose 0*q - 2*q = 2*f - 8, 0 = 3*q - 4*f - 5. Suppose i - a - 16 = 9, -q*a + 37 = i. What is the greatest common factor of 70 and i?
14
Let z(m) = m**3 - 6*m**2 + 5*m + 3. Let x be z(5). Suppose 2*j = 56 + 22. Suppose -x*g = -51 - j. What is the greatest common factor of g and 20?
10
Let l be (2 - 0)*(-49)/(-14). Suppose a = -2 + 6. Let b be 5 - (a*-1 + 2). What is the greatest common divisor of b and l?
7
Suppose -3*a + 40 = 2*w, a + 4*w = -0*a. Let g be 1*(0 - -2) - -12. Let l = g - 6. Calculate the greatest common factor of l and a.
8
Suppose -4*w - b + 885 + 1 = 0, -4*w + 878 = 5*b. Suppose -3*a - 5*x + 2*x = -135, 2*x - w = -5*a. Calculate the greatest common factor of 11 and a.
11
Let h be (-2 + 3/2)*0. Let g = 4 - h. Let k = 5 - 3. What is the highest common divisor of k and g?
2
Let j(d) = d**3 + 5*d**2 - 6*d + 5. Let q be j(-5). What is the highest common factor of 5 and q?
5
Let y = -3 + 7. Let c(w) = w - 1. Let h be c(1). Suppose -x = 5*j + 3, 0 = 2*x + j - h*j - 21. Calculate the greatest common divisor of y and x.
4
Let j = 53 - 3. Suppose -3*h - 54 = -3*l, -h + 4*h = -4*l + 86. Suppose -v - 5*t + l = 0, t + 3*t = 5*v - 42. Calculate the greatest common divisor of v and j.
10
Let o(i) = -100*i - 1. Suppose -t - 3*l + 1 = -3*t, 0 = t + 2*l + 11. Let d = t + 4. Let a be o(d). Calculate the highest common divisor of 9 and a.
9
Suppose 5*g + 112 = 6*g. Calculate the greatest common factor of g and 14.
14
Let k(m) = m**3 + 13*m**2 + 12*m - 1. Let q be k(-12). Let d be -1*-18*(q - -2). C